55444
In base 11, what is 7 + 3a8530?
3a8537
In base 11, what is 2 - 64a081?
-64a07a
In base 3, what is 10202 + -20211?
-10002
In base 8, what is -4 + 1674?
1670
In base 8, what is -545010 - -5?
-545003
In base 16, what is 97 + da5?
e3c
In base 16, what is -be3 + -2d?
-c10
In base 6, what is 0 + -125204?
-125204
In base 7, what is 10246 + 16?
10265
In base 2, what is 11 - 10001111000110011?
-10001111000110000
In base 3, what is -11212 + -21120?
-110102
In base 12, what is 553 - 0?
553
In base 4, what is 333 - -211?
1210
In base 7, what is -2350304 - 3?
-2350310
In base 14, what is 6 + -6094d?
-60947
In base 12, what is -327b28 - 0?
-327b28
In base 9, what is 41 + 7356?
7407
In base 3, what is 200120 - -11210?
212100
In base 11, what is -24 - 27?
-50
In base 8, what is 2 - -5605?
5607
In base 15, what is 48e0 - -1a?
490a
In base 13, what is -1 + 48acc?
48acb
In base 8, what is 4 + 2702?
2706
In base 5, what is -11314 + 0?
-11314
In base 10, what is 39 - -325?
364
In base 13, what is 121 - 197?
-76
In base 7, what is 6161 + -130?
6031
In base 11, what is -21 + 177778?
177757
In base 16, what is -5 - 8da03?
-8da08
In base 5, what is -4 + 4442022?
4442013
In base 9, what is -5 - 38455?
-38461
In base 9, what is 2803 - 124?
2668
In base 7, what is 12412 - -103?
12515
In base 5, what is -2120300 - 12?
-2120312
In base 15, what is 1da46 + -1?
1da45
In base 8, what is 540 + 241?
1001
In base 5, what is 123320 + 123?
123443
In base 16, what is 4 + 9b6?
9ba
In base 9, what is 18536 - 3?
18533
In base 8, what is 4065 + -1457?
2406
In base 3, what is -101212 + 1112021?
1010102
In base 12, what is 16a96 + 4?
16a9a
In base 2, what is -100 + 111101111111111100?
111101111111111000
In base 13, what is 63a + 925?
1262
In base 5, what is -1 + 10132211?
10132210
In base 6, what is -15053004 + 5?
-15052555
In base 10, what is -10 - 125264?
-125274
In base 7, what is -2 - -1044034?
1044032
In base 3, what is 2 - -22102010101?
22102010110
In base 12, what is -632 - -1a?
-614
In base 2, what is -111 - -10101010111110?
10101010110111
In base 13, what is 14675 - 29?
14649
In base 12, what is 11b86 - 11?
11b75
In base 7, what is 2 - -3452440?
3452442
In base 15, what is -2a6 + 62d?
377
In base 15, what is -25 + 599?
574
In base 4, what is 301110023 + -3?
301110020
In base 6, what is -123 + -45500?
-50023
In base 8, what is 753047 + 12?
753061
In base 11, what is 224 - -112?
336
In base 9, what is 456461 + -5?
456455
In base 13, what is 370b33 + -4?
370b2c
In base 7, what is 55 - 6022?
-5634
In base 5, what is -33 + -322220?
-322303
In base 7, what is 2305 - 5463?
-3155
In base 16, what is d71a7 - -2?
d71a9
In base 8, what is -24720 + 13?
-24705
In base 9, what is 1182 - 34?
1147
In base 7, what is -12 - -16630?
16615
In base 16, what is -1982 - 0?
-1982
In base 3, what is 2121 - -100221?
110112
In base 5, what is -4441 - 43032?
-103023
In base 3, what is 10210121 + -1111?
10202010
In base 14, what is -103a - 54?
-1090
In base 9, what is -17 + 1463?
1445
In base 12, what is 16b5 - -66?
175b
In base 4, what is 2 + 113113323?
113113331
In base 5, what is -41 + 30430123?
30430032
In base 10, what is -1191 - 1593?
-2784
In base 11, what is 813 + -4?
80a
In base 9, what is 263 + 763?
1136
In base 15, what is 2 - 35170?
-3516d
In base 5, what is -12 - 144423?
-144440
In base 15, what is -94e + d?
-941
In base 6, what is 1215532 - -4?
1215540
In base 13, what is -893 - -16b?
-725
In base 10, what is -110967 - 5?
-110972
In base 12, what is -8 - -27322?
27316
In base 14, what is 2c8 - -b9?
3a3
In base 9, what is -22 + 18486?
18464
In base 16, what is 5a8d - -3?
5a90
In base 15, what is 78c - -9?
796
In base 3, what is 20 + 1201221002011?
1201221002101
In base 3, what is -12122 - -12000002?
11210110
In base 3, what is 11 + -112200000?
-112122212
In base 3, what is 1002221 - 221?
1002000
In base 2, what is 110010100100 - 101101111?
101100110101
In base 16, what is 316e + -3?
316b
In base 15, what is 5 + -3357?
-3352
In base 4, what is -3331121 + 132?
-3330323
In base 10, what is 38 - 5114?
-5076
In base 14, what is -b0 - -751d?
744d
In base 9, what is -5132 - 5?
-5137
In base 9, what is 14035 + -14?
14021
In base 16, what is fb793 + 2?
fb795
In base 12, what is -bb + -2?
-101
In base 2, what is 11001001 - 1001011110101?
-1001000101100
In base 15, what is -1d3 + 33?
-1a0
In base 4, what is -1 + 11131130?
11131123
In base 15, what is 2 + 4030?
4032
In base 6, what is 0 - 340234?
-340234
In base 7, what is 2 + -206350?
-206345
In base 10, what is -2436 + -10?
-2446
In base 13, what is 172a - -1?
172b
In base 2, what is -11010 + 10101?
-101
In base 11, what is -78a94 + 0?
-78a94
In base 9, what is 10 + 7641?
7651
In base 5, what is -104124 + 0?
-104124
In base 16, what is -5a - -3d9?
37f
In base 9, what is -8 + 4221?
4212
In base 16, what is 5d8ef - -3?
5d8f2
In base 5, what is -311011022 - -4?
-311011013
In base 2, what is -101111101 - 11011000010101?
-11011110010010
In base 6, what is -33055 + 2?
-33053
In base 4, what is 202 + -301021?
-300213
In base 15, what is 3 + 30e4?
30e7
In base 16, what is -22769 - -6?
-22763
In base 14, what is 2 + -17b7?
-17b5
In base 16, what is -b5f9 + 7?
-b5f2
In base 9, what is -24 - 756?
-781
In base 11, what is 1a8841 + 1?
1a8842
In base 10, what is 5 - 7937?
-7932
In base 2, what is 1011 + -111110011?
-111101000
In base 15, what is 1693e + 2?
16941
In base 6, what is 1514141 + -30?
1514111
In base 10, what is 530 - -197?
727
In base 9, what is -1323 - -115?
-1207
In base 6, what is 0 - 13515425?
-13515425
In base 15, what is 2 + -302b8?
-302b6
In base 3, what is 1 + 1220022200?
1220022201
In base 10, what is 14274 - 7?
14267
In base 4, what is -202 + -211003?
-211211
In base 4, what is 2 - -2233233133?
2233233201
In base 16, what is dd0 - 5?
dcb
In base 12, what is -b9b23 - 2?
-b9b25
In base 8, what is -4 - 756153?
-756157
In base 7, what is 343220 - 3?
343214
In base 12, what is 6 + 1b82?
1b88
In base 14, what is -c203a - -4?
-c2036
In base 11, what is 2a + -1828?
-17a9
In base 4, what is -3 - 203101131?
-203101200
In base 5, what is 1 + -24442343?
-24442342
In base 10, what is 918 + -380?
538
In base 8, what is -77 + -13?
-112
In base 4, what is 1321203 - 1220?
1313323
In base 10, what is -40988 + -2?
-40990
In base 3, what is 12010112 - -201?
12011020
In base 15, what is -31 - -771?
740
In base 2, what is 10101 - -10011001010001?
10011001100110
In base 9, what is -208 - -115?
-83
In base 6, what is -14440 + -233?
-15113
In base 16, what is 6 - -3732a?
37330
In base 5, what is 0 + 3010042?
3010042
In base 11, what is -15950 - 165?
-16005
In base 6, what is 253224 + 5?
253233
In base 4, what is -232 + -111033300?
-111100132
In base 5, what is 2132 - 220?
1412
In base 9, what is 1827 - -562?
2500
In base 4, what is -101331 - -3322?
-32003
In base 8, what is 13 - -1735?
1750
In base 9, what is -116452 + -33?
-116485
In base 9, what is -111753 - 2?
-111755
In base 5, what is 32222104 - 3?
32222101
In base 13, what is -4 - -1449?
1445
In base 4, what is -11 + 111302221?
111302210
In base 14, what is 503 - 4c?
495
In base 12, what is 1447224 + 5?
1447229
In base 4, what is -113 - -13103?
12330
In base 9, what is 0 - -15114?
15114
In base 7, what is -304 + 16332?
16025
In base 3, what is 10120112 + -2102?
10111010
In base 4, what is 2203233 + -31?
2203202
In base 15, what is 6281 + -4?
627c
In base 5, what is 4102 + -22011?
-12404
In base 16, what is 515c - -3?
515f
In base 3, what is 1000010212011 + -10?
1000010212001
In base 14, what is 0 - 10018?
-10018
In base 3, what is 102 + -200201110?
-200201001
In base 13, what is 41a - -1bb?
608
In base 9, what is -450131 + -3?
-450134
In base 3, what is -100120 + -111?
-101001
In base 15, what is 6c4d - -6?
6c54
In base 14, what is 107 - cb5?
-bac
In base 11, what is -4 + -4969?
-4972
In base 6, what is -12 - 232?
-244
In base 12, what is 14 + -288?
-274
In base 13, what is 1c - 269c5?
-269a6
In base 12, what is 2417a0 - -4?
2417a4
In base 2, what is 100100111111100000 - -10?
100100111111100010
In base 8, what is 76 - 331?
-233
In base 11, what is -17aa - -259?
-1551
In base 11, what is -417 - -124?
-2a3
In base 15, what is cc5a - -a?
cc65
In base 12, what is -136865 + 2?
-136863
In base 14, what is 2ac0